 divided by 15.
14
Let c = 1493 - 1476. Calculate the remainder when 143 is divided by c.
7
Let k(n) = -5*n + 56. Let g be 2/(5/(-60)*-3). Calculate the remainder when 78 is divided by k(g).
14
Let w = -164 + 192. What is the remainder when w is divided by (-15)/(-1*(-6)/(-4))?
8
Let j(u) = 4*u + 1. Let c(x) = x. Let l(h) = -2*h - 16. Let m(y) = -3*c(y) - l(y). Let d be m(10). What is the remainder when 97 is divided by j(d)?
22
Suppose 10*x = 4*x + 30. Suppose -x*b - 3*r = 2*r - 455, -4*b + 328 = -5*r. What is the remainder when b is divided by 24?
15
Suppose 763 = 4*n + b + 196, 0 = -n - 4*b + 153. Calculate the remainder when n is divided by 76.
65
Let o = -413 - -590. What is the remainder when o is divided by 36?
33
Suppose -2*n + 134 = 2*u, 0 = 4*n - 10 - 2. Calculate the remainder when 1213 is divided by u.
61
Let l(h) = -7*h + 2. Let k = 140 + 1. Suppose -t - 3*u = -26, -5*t - 8*u + k = -4*u. What is the remainder when t is divided by l(-2)?
13
Let c(g) = 2*g - 15. Let t be c(10). Let b(r) = -56*r**2 + r + 7. Let v be b(t). What is the remainder when 114 is divided by v/(-60) + (-4)/30?
22
Let z = -2 - -18. What is the remainder when 34 + 11/(132/120) is divided by z?
12
Let l = 3 + -2. Let c be (18 - (1 + 2))/1. Suppose 22*k = 17*k + c. What is the remainder when k is divided by l?
0
Suppose -4 = 146*o - 145*o, -13 = u + 4*o. Calculate the remainder when (34/4)/(1/2) is divided by u.
2
Let n(l) = l + 11. Let u(y) = y**2 + 4*y - 7. Let z be u(-6). Suppose 0 = -z*h - 10, -14 - 1 = -3*w + 3*h. Calculate the remainder when n(-6) is divided by w.
2
Let p = 87 - 78. Let u(k) be the second derivative of -k**4/12 + 7*k**3/3 - 3*k**2/2 + 5*k. What is the remainder when u(p) is divided by 15?
12
Let j(d) = -7*d**2 + 16. Let o(m) = 15*m**2 - m - 31. Let w(v) = 13*j(v) + 6*o(v). What is the remainder when 20 is divided by w(-8)?
2
Let p be -1*5*(-1 - 0). Suppose -2*t - y - 18 = 0, -8*y + 3*y = -3*t - 40. What is the remainder when 29 is divided by (-28)/(-2) - t/p?
13
Let l(o) = o + 960. Let r be l(0). Suppose -4*d - 40 = -r. Suppose 6 = -2*c - c, 3*c + d = 4*u. What is the remainder when u is divided by 19?
18
Let d = 29 - 26. Suppose 8*w - 190 = -54. What is the remainder when w is divided by d?
2
Let o = 89 - 52. Let r = -7 + o. Calculate the remainder when 57 is divided by r.
27
Suppose 5 = c - 8. What is the remainder when c is divided by 2?
1
Let a be -1 + 5 + 1 + -5. Suppose -5*h + 0 - 5 = -3*q, q - 4*h - 11 = a. Calculate the remainder when 81 is divided by (q + (-8)/(-2))*-28.
25
What is the remainder when 115 is divided by 11 + -2 - (22 - 65)?
11
Suppose 32*k = -h + 33*k + 170, -3*h - 2*k + 495 = 0. Calculate the remainder when h is divided by 85.
82
Let b(c) = -c**3 + 13*c**2 - 9*c - 16. Let h(j) = j + 10. Let l be h(8). Let f = 30 - l. What is the remainder when 59 is divided by b(f)?
19
Let r(d) = 3*d - 6. Let q be r(4). Let o(i) = -i + 5. Let w be o(q). What is the remainder when 54 - (-3 + w + 3) is divided by 19?
17
Let y(m) = -m - 1. Let b be y(6). Let g be 4/(-2)*(-2 - b). Let i(h) = h**3 + 11*h**2 + 2*h - 14. What is the remainder when i(g) is divided by 17?
15
Let c = -41 + 46. Suppose -32 = -6*i + c*i. Calculate the remainder when 125 is divided by i.
29
Let f(y) = y**2 + 2*y + 65. Let n = 36 + -17. Let o = n - 19. What is the remainder when f(o) is divided by 11?
10
Suppose 2*x + 66 = 6*x - 3*f, 2*x + f = 28. What is the remainder when 25 is divided by x?
10
Let h = -117 + 208. What is the remainder when h is divided by 29?
4
Suppose -10*o - 6 = -4*o. Let c be 65*o - 14/(-7). Let q = -45 - c. What is the remainder when 52 is divided by q?
16
Let j be 0/(1 + -1 + -2). Suppose 0*t = 2*z - 5*t + 28, j = 5*z + 4*t + 37. Calculate the remainder when (-3 - (-33)/z)*-9 is divided by 21.
18
Let r(s) = s**3 + 15*s**2 + 14*s + 11. Let g be r(-14). Let a(i) = i**3 - 9*i**2 - 13*i - 23. Calculate the remainder when a(g) is divided by 13.
11
Let i = -25 + 52. Let u = i + -7. Let d(r) = 2*r**2 - 7*r + 8. Calculate the remainder when d(7) is divided by u.
17
Let u = 1598 - 208. Calculate the remainder when u is divided by 17.
13
Suppose 20*l - 183 = 19*l. Let b = -171 + l. Suppose t + 63 = 4*t. Calculate the remainder when t is divided by b.
9
Let a(h) be the first derivative of -3 - h + 0*h + 7 + h**2. What is the remainder when a(14) is divided by 10?
7
Suppose 28*z - 25*z + 3*f = 426, 7*f - 124 = -z. What is the remainder when z is divided by (-37)/(-4)*(-1 - -5)?
34
Suppose 0 = 4*x + 3*l - 23, 4*x + 2*l = -3*l + 33. Suppose -u - 2*o = -19, -x*o = 2*o - 16. What is the remainder when -4 + 37 + -3 + 1 is divided by u?
9
Calculate the remainder when 352 is divided by ((-3)/12 - 566/8)*-1.
68
Suppose 0 = 4*r - 4*d - 488, -5*d + 390 = 2*r + r. Calculate the remainder when r is divided by 41.
2
Suppose 2*w = -k + 4, 3*k - 2*w - 3*w - 34 = 0. Calculate the remainder when (40/16)/(1/k) is divided by 11.
9
Let z(i) = -i**3 + 16*i**2 + 16*i + 29. What is the remainder when z(17) is divided by 1?
0
Let v(j) = -j**2 - 8*j + 8. Let i be ((-1)/(-10) - (-2)/5)*-14. Calculate the remainder when 42 is divided by v(i).
12
Suppose 22 = 3*h - 2*h. Let f = 85 + -79. Let w(n) = -n**3 + 5*n**2 + 5*n + 14. What is the remainder when h is divided by w(f)?
6
Let o = 20 + -24. Let l be (-1744)/(-24) - o/(-6). Suppose 3*f + 4*d - 50 = 0, -l = -4*f - 0*f - 4*d. What is the remainder when f is divided by 12?
10
Suppose 0*k - 5*n = 3*k - 804, -288 = -k + 5*n. What is the remainder when k is divided by 12?
9
Let g(f) = f**3 - 9*f**2 - 22*f + 14. Let b(q) = 20*q - 45. What is the remainder when b(7) is divided by g(11)?
11
What is the remainder when ((-2)/5)/(8/(-660)) is divided by 24?
9
Suppose 0 = -b - 4*b + 3*t + 25, b + 2*t - 18 = 0. Calculate the remainder when 111 is divided by b.
7
What is the remainder when 1 + 6 + 3 + 50 is divided by 9?
6
Let x(m) = m**3 + 2*m**2 - m - 4. Let g(d) = -3*d - 3. Let y be g(-2). Calculate the remainder when x(y) is divided by 10.
8
Let m = 10 + 86. Suppose -m = -2*h - 6*h. Calculate the remainder when h is divided by 6.
0
Let t(z) = 4*z**2 + 114*z - 45. What is the remainder when 427 is divided by t(-29)?
11
Let k(p) = 78*p**3 + 2*p - 1. Let x be k(1). Let t = x + -41. Suppose t + 28 = 3*z. What is the remainder when z is divided by 6?
4
Let a = 386 - 318. Calculate the remainder when a is divided by 19.
11
Suppose 186 = 3*f + 3*v, 3*v + 4 = -11. What is the remainder when 400 is divided by f?
65
Let g be -6 + 6 + 6*98. Calculate the remainder when 45 is divided by g/48 - 3/12.
9
Let r(p) = p**3 + 19*p**2 + 19*p + 14. Let i be r(-18). Calculate the remainder when (-4)/(-22) - (i + 537/(-11)) is divided by 8.
5
Let x = -11 + 59. Let b(j) = 4*j - 43. Calculate the remainder when x is divided by b(15).
14
Suppose 0 = 2*k - 4*p + 20 - 52, -3*k + 2*p = -36. Let x be 27/6*28/6. Suppose 4 = -l + x. What is the remainder when l is divided by k?
7
Let b(h) = 5*h**2 - 2*h + 112. Calculate the remainder when 667 is divided by b(0).
107
Suppose -5*k + j + 15 = 0, 0 = -3*k + k - 2*j + 6. Suppose 8 = 8*m - 16. Suppose 5*u - 2 = m*u. What is the remainder when k is divided by u?
0
Let n = -21 - -737. What is the remainder when n is divided by 40?
36
Calculate the remainder when (217/(-21) - -7)/(2/(-9)) is divided by 13.
2
Let k(v) = 13*v**3 + v**2 + 2*v - 3. Suppose 3*j - 1946 = -4*j. Suppose 0 = 12*b - j - 58. Calculate the remainder when k(2) is divided by b.
25
Suppose 3*n = 3*r + 12, 0 = -2*n - r + 2 - 3. Let h = 5 + n. Suppose 3*j - 16 = 7*j, t = -3*j - h. Calculate the remainder when 17 is divided by t.
5
Let j(f) = -8*f**3 - f**2 - 2*f + 59. What is the remainder when 351 is divided by j(0)?
56
Let b(f) = 2*f**2 + 2*f. Let r be b(2). What is the remainder when 13 is divided by 4*-21*(-1)/r?
6
Suppose -4*m + 5*g + 60 = -0*g, 2*m = -g + 44. Suppose -23*t + 231 = 70. Calculate the remainder when m is divided by t.
6
Let p(y) = 3*y**3 - 2*y**2 - 2*y + 1. Calculate the remainder when p(2) is divided by (2450/56)/(-25)*-4.
6
Let o be (-220)/(-35) + 4/(-14). Suppose -69 = -x - 3*n, x + o*n = n + 63. What is the remainder when x is divided by 164/6 + (-1)/3?
24
Let y(r) = 32*r**3 + r**2 - r. Let s(w) = w**2 - 3*w + 3. Let l be s(2). Let 